9 and 69?
3
Calculate the highest common factor of 54 and 2.
2
Calculate the highest common divisor of 13 and 68315.
13
Calculate the highest common divisor of 2 and 73.
1
What is the highest common factor of 18 and 1143?
9
Calculate the highest common factor of 48 and 396.
12
What is the highest common factor of 7 and 8701?
7
What is the highest common divisor of 20673 and 27?
9
Calculate the greatest common divisor of 8 and 16.
8
Calculate the greatest common factor of 32 and 58.
2
Calculate the greatest common factor of 42 and 462.
42
Calculate the greatest common divisor of 74 and 1258.
74
Calculate the greatest common factor of 34 and 10285.
17
Calculate the greatest common divisor of 1204 and 952.
28
What is the greatest common factor of 10 and 225?
5
Calculate the greatest common divisor of 5394 and 174.
174
What is the highest common divisor of 154 and 2219?
7
Calculate the greatest common divisor of 2834 and 39.
13
Calculate the highest common factor of 47 and 1739.
47
What is the highest common factor of 10108 and 28?
28
Calculate the highest common divisor of 2 and 83.
1
Calculate the greatest common divisor of 125 and 2375.
125
Calculate the greatest common factor of 36 and 42.
6
Calculate the greatest common divisor of 1358 and 194.
194
Calculate the greatest common divisor of 498 and 33117.
249
Calculate the greatest common factor of 248 and 2294.
62
What is the highest common factor of 1225 and 50?
25
Calculate the greatest common divisor of 24 and 1.
1
What is the highest common factor of 1596 and 76?
76
Calculate the greatest common divisor of 245 and 70.
35
What is the highest common divisor of 40 and 360?
40
Calculate the greatest common factor of 588 and 192.
12
Calculate the greatest common factor of 102 and 726.
6
Calculate the highest common factor of 1 and 1.
1
Calculate the greatest common factor of 13 and 4.
1
What is the greatest common factor of 65 and 26?
13
Calculate the greatest common factor of 1152 and 132.
12
Calculate the highest common divisor of 28 and 1442.
14
Calculate the greatest common factor of 323 and 170.
17
What is the highest common divisor of 8 and 912?
8
What is the greatest common divisor of 120 and 54?
6
What is the greatest common factor of 448 and 208?
16
What is the greatest common factor of 135 and 36?
9
What is the highest common divisor of 645 and 30?
15
What is the greatest common divisor of 793 and 26?
13
Calculate the highest common factor of 5418 and 1134.
126
What is the greatest common divisor of 247 and 133?
19
What is the highest common divisor of 702 and 2646?
54
What is the greatest common factor of 2493 and 90?
9
Calculate the highest common divisor of 17526 and 1270.
254
Calculate the greatest common factor of 1555 and 5.
5
Calculate the greatest common factor of 8 and 28.
4
Calculate the highest common factor of 32 and 184.
8
Calculate the greatest common factor of 320 and 240.
80
Calculate the highest common divisor of 3341 and 39.
13
What is the greatest common divisor of 9 and 558?
9
Calculate the highest common factor of 284 and 28.
4
What is the highest common divisor of 45 and 35?
5
Calculate the greatest common divisor of 174 and 5394.
174
What is the highest common divisor of 7337 and 58?
29
Calculate the highest common factor of 2916 and 405.
81
What is the highest common divisor of 84 and 60?
12
What is the greatest common factor of 1134 and 14?
14
Calculate the highest common factor of 143 and 55.
11
What is the greatest common factor of 250 and 14125?
125
Calculate the highest common divisor of 999 and 111.
111
What is the highest common factor of 24 and 496?
8
Calculate the greatest common divisor of 11 and 2563.
11
What is the greatest common divisor of 50 and 5320?
10
What is the highest common divisor of 84 and 24?
12
What is the highest common divisor of 555 and 45?
15
Calculate the greatest common divisor of 10471 and 37.
37
Calculate the highest common factor of 33232 and 62.
62
Calculate the greatest common divisor of 658 and 4982.
94
Calculate the greatest common divisor of 24 and 123.
3
Calculate the highest common divisor of 21 and 357.
21
What is the greatest common factor of 180 and 5340?
60
Calculate the highest common factor of 106 and 1855.
53
What is the greatest common divisor of 280 and 9760?
40
What is the greatest common divisor of 6 and 26?
2
What is the greatest common factor of 82 and 533?
41
Calculate the highest common divisor of 16 and 372.
4
Calculate the highest common divisor of 74 and 4.
2
Calculate the greatest common factor of 665 and 28.
7
Calculate the greatest common divisor of 2484 and 3588.
276
Calculate the greatest common factor of 1089 and 143.
11
What is the highest common divisor of 77 and 165?
11
What is the greatest common factor of 969 and 152?
19
What is the highest common divisor of 315 and 7?
7
Calculate the highest common factor of 48 and 972.
12
What is the highest common divisor of 12 and 9?
3
Calculate the greatest common factor of 26287 and 97.
97
What is the highest common factor of 42 and 7?
7
What is the greatest common divisor of 3 and 1047?
3
Calculate the highest common divisor of 145 and 58.
29
What is the highest common divisor of 416 and 64?
32
Calculate the greatest common divisor of 152 and 247.
19
What is the greatest common divisor of 60 and 3972?
12
Calculate the greatest common factor of 105 and 140.
35
Calculate the greatest common factor of 114 and 14934.
114
Calculate the greatest common divisor of 36 and 4.
4
What is the greatest common factor of 36 and 126?
18
What is the greatest common factor of 725 and 325?
25
What is the greatest common factor of 41 and 4?
1
What is the highest common divisor of 517 and 55?
11
What is the highest common divisor of 1280 and 40?
40
Calculate the greatest common factor of 850 and 300.
50
What is the greatest common divisor of 3431 and 47?
47
What is the greatest common factor of 9 and 25722?
9
What is the greatest common factor of 10 and 290?
10
Calculate the highest common factor of 1339 and 377.
13
What is the highest common divisor of 6 and 168?
6
What is the highest common divisor of 26 and 1586?
26
Calculate the highest common factor of 350 and 420.
70
What is the highest common divisor of 229 and 1?
1
What is the highest common divisor of 115 and 161?
23
Calculate the highest common factor of 325 and 26.
13
Calculate the greatest common divisor of 5 and 223.
1
Calculate the highest common divisor of 10 and 5310.
10
Calculate the highest common factor of 19 and 133.
19
Calculate the greatest common factor of 3025 and 50.
25
Calculate the highest common divisor of 13 and 65.
13
What is the greatest common factor of 286 and 14014?
286
Calculate the highest common divisor of 120 and 96.
24
What is the greatest common factor of 82 and 287?
41
What is the highest common factor of 714 and 34?
34
What is the highest common divisor of 39 and 624?
39
Calculate the highest common divisor of 306 and 90.
18
Calculate the highest common divisor of 23 and 368.
23
Calculate the highest common divisor of 60 and 480.
60
Calculate the highest common divisor of 2 and 338.
2
Calculate the highest common divisor of 26 and 3159.
13
What is the greatest common factor of 8 and 20?
4
What is the greatest common divisor of 224 and 32?
32
What is the greatest common factor of 1701 and 54?
27
What is the greatest common divisor of 8 and 9?
1
What is the highest common divisor of 25428 and 624?
156
Calculate the highest common factor of 18 and 684.
18
Calculate the greatest common factor of 51313 and 97.
97
Calculate the greatest common divisor of 329 and 4371.
47
Calculate the highest common divisor of 12 and 1284.
12
Calculate the greatest common divisor of 14925 and 50.
25
What is the highest common factor of 24 and 546?
6
What is the highest common divisor of 6057 and 27?
9
What is the highest common divisor of 162 and 6966?
162
Calculate the highest common divisor of 1428 and 13090.
238
What is the highest common factor of 9 and 192?
3
What is the highest common divisor of 46 and 184?
46
What is the highest common divisor of 9 and 45531?
9
Calculate the highest common factor of 23579 and 19.
19
Calculate the highest common divisor of 530 and 10.
10
Calculate the greates